3?
1
Calculate the remainder when 213 is divided by 72.
69
What is the remainder when 3661 is divided by 131?
124
What is the remainder when 54591 is divided by 9?
6
What is the remainder when 90 is divided by 34?
22
Calculate the remainder when 852 is divided by 88.
60
Calculate the remainder when 116 is divided by 42.
32
What is the remainder when 633 is divided by 160?
153
Calculate the remainder when 1962 is divided by 132.
114
What is the remainder when 533 is divided by 107?
105
Calculate the remainder when 231 is divided by 67.
30
What is the remainder when 17 is divided by 8?
1
Calculate the remainder when 9386 is divided by 41.
38
Calculate the remainder when 4776 is divided by 26.
18
Calculate the remainder when 6556 is divided by 28.
4
What is the remainder when 316 is divided by 80?
76
What is the remainder when 5327 is divided by 41?
38
Calculate the remainder when 289 is divided by 230.
59
Calculate the remainder when 768 is divided by 64.
0
What is the remainder when 900 is divided by 17?
16
Calculate the remainder when 578 is divided by 83.
80
What is the remainder when 2725 is divided by 22?
19
Calculate the remainder when 54 is divided by 14.
12
Calculate the remainder when 88 is divided by 13.
10
Calculate the remainder when 4007 is divided by 24.
23
What is the remainder when 883 is divided by 179?
167
What is the remainder when 844 is divided by 123?
106
What is the remainder when 509 is divided by 15?
14
Calculate the remainder when 299 is divided by 30.
29
Calculate the remainder when 13023 is divided by 74.
73
What is the remainder when 160 is divided by 55?
50
Calculate the remainder when 44 is divided by 14.
2
What is the remainder when 4967 is divided by 35?
32
Calculate the remainder when 241 is divided by 49.
45
Calculate the remainder when 6795 is divided by 17.
12
Calculate the remainder when 27200 is divided by 14.
12
Calculate the remainder when 203 is divided by 44.
27
What is the remainder when 632 is divided by 39?
8
What is the remainder when 4610 is divided by 159?
158
What is the remainder when 924 is divided by 54?
6
What is the remainder when 132 is divided by 38?
18
What is the remainder when 161 is divided by 6?
5
What is the remainder when 4047 is divided by 162?
159
What is the remainder when 367 is divided by 71?
12
Calculate the remainder when 345 is divided by 173.
172
What is the remainder when 575 is divided by 79?
22
What is the remainder when 760 is divided by 146?
30
What is the remainder when 286 is divided by 10?
6
What is the remainder when 268 is divided by 21?
16
What is the remainder when 111 is divided by 48?
15
Calculate the remainder when 111 is divided by 64.
47
What is the remainder when 34 is divided by 5?
4
What is the remainder when 1818 is divided by 834?
150
What is the remainder when 14 is divided by 11?
3
What is the remainder when 151 is divided by 81?
70
Calculate the remainder when 533 is divided by 71.
36
Calculate the remainder when 2831 is divided by 1412.
7
Calculate the remainder when 73 is divided by 25.
23
What is the remainder when 96 is divided by 33?
30
Calculate the remainder when 465 is divided by 237.
228
What is the remainder when 6477 is divided by 324?
321
What is the remainder when 460 is divided by 22?
20
Calculate the remainder when 60 is divided by 16.
12
Calculate the remainder when 344 is divided by 32.
24
Calculate the remainder when 501 is divided by 63.
60
Calculate the remainder when 912 is divided by 93.
75
Calculate the remainder when 75 is divided by 73.
2
Calculate the remainder when 2890 is divided by 49.
48
Calculate the remainder when 33 is divided by 12.
9
Calculate the remainder when 238 is divided by 60.
58
What is the remainder when 192 is divided by 78?
36
What is the remainder when 29535 is divided by 18?
15
Calculate the remainder when 36 is divided by 11.
3
Calculate the remainder when 10905 is divided by 18.
15
What is the remainder when 2371 is divided by 148?
3
Calculate the remainder when 30 is divided by 16.
14
What is the remainder when 51 is divided by 27?
24
Calculate the remainder when 291 is divided by 14.
11
What is the remainder when 9246 is divided by 250?
246
Calculate the remainder when 1893 is divided by 629.
6
What is the remainder when 1953 is divided by 21?
0
What is the remainder when 4207 is divided by 136?
127
Calculate the remainder when 519 is divided by 13.
12
Calculate the remainder when 109 is divided by 46.
17
Calculate the remainder when 4198 is divided by 56.
54
What is the remainder when 1828 is divided by 1785?
43
Calculate the remainder when 272 is divided by 20.
12
Calculate the remainder when 646 is divided by 214.
4
What is the remainder when 40 is divided by 25?
15
What is the remainder when 69 is divided by 12?
9
Calculate the remainder when 507 is divided by 131.
114
What is the remainder when 291 is divided by 5?
1
Calculate the remainder when 113 is divided by 27.
5
What is the remainder when 5687 is divided by 24?
23
Calculate the remainder when 8441 is divided by 128.
121
What is the remainder when 5318 is divided by 64?
6
Calculate the remainder when 392 is divided by 19.
12
Calculate the remainder when 635 is divided by 235.
165
What is the remainder when 851 is divided by 98?
67
What is the remainder when 3027 is divided by 30?
27
What is the remainder when 271 is divided by 236?
35
What is the remainder when 344 is divided by 171?
2
What is the remainder when 13694 is divided by 3?
2
Calculate the remainder when 35 is divided by 22.
13
What is the remainder when 68858 is divided by 22?
20
Calculate the remainder when 229 is divided by 23.
22
Calculate the remainder when 270 is divided by 52.
10
Calculate the remainder when 1925 is divided by 641.
2
Calculate the remainder when 567 is divided by 72.
63
Calculate the remainder when 22676 is divided by 90.
86
What is the remainder when 446 is divided by 150?
146
Calculate the remainder when 71 is divided by 25.
21
Calculate the remainder when 207 is divided by 20.
7
Calculate the remainder when 1478 is divided by 78.
74
Calculate the remainder when 71 is divided by 12.
11
Calculate the remainder when 99 is divided by 25.
24
What is the remainder when 1400 is divided by 68?
40
Calculate the remainder when 379 is divided by 374.
5
What is the remainder when 11487 is divided by 10?
7
Calculate the remainder when 56 is divided by 4.
0
What is the remainder when 311 is divided by 13?
12
Calculate the remainder when 511 is divided by 102.
1
Calculate the remainder when 800 is divided by 23.
18
What is the remainder when 167 is divided by 2?
1
Calculate the remainder when 1812 is divided by 130.
122
Calculate the remainder when 183 is divided by 99.
84
Calculate the remainder when 1489 is divided by 10.
9
What is the remainder when 169 is divided by 86?
83
Calculate the remainder when 274 is divided by 119.
36
What is the remainder when 77 is divided by 26?
25
What is the remainder when 4878 is divided by 272?
254
What is the remainder when 102 is divided by 8?
6
What is the remainder when 56 is divided by 8?
0
What is the remainder when 129 is divided by 57?
15
What is the remainder when 2215 is divided by 13?
5
What is the remainder when 1267 is divided by 271?
183
What is the remainder when 5 is divided by 3?
2
What is the remainder when 1364 is divided by 12?
8
What is the remainder when 235 is divided by 80?
75
What is the remainder when 85 is divided by 40?
5
What is the remainder when 115 is divided by 32?
19
What is the remainder when 357 is divided by 11?
5
Calculate the remainder when 280 is divided by 40.
0
What is the remainder when 47 is divided by 3?
2
Calculate the remainder when 283 is divided by 80.
43
What is the remainder when 417 is divided by 42?
39
What is the remainder when 1182 is divided by 245?
202
Calculate the remainder when 48 is divided by 28.
20
What is the remainder when 2595 is divided by 153?
147
What is the remainder when 298 is divided by 20?
18
What is the remainder when 1398 is divided by 28?
26
What is the remainder when 495 is divided by 127?
114
What is the remainder when 429 is divided by 26?
13
Calculate the remainder when 4592 is divided by 12.
8
What is the remainder when 41 is divided by 41?
0
